[INFO] cloning repository https://github.com/naleba97/gbsabiru
[INFO] running `Command { std: "git" "-c" "credential.helper=" "-c" "credential.helper=/workspace/cargo-home/bin/git-credential-null" "clone" "--bare" "https://github.com/naleba97/gbsabiru" "/workspace/cache/git-repos/https%3A%2F%2Fgithub.com%2Fnaleba97%2Fgbsabiru", kill_on_drop: false }`
[INFO] [stderr] Cloning into bare repository '/workspace/cache/git-repos/https%3A%2F%2Fgithub.com%2Fnaleba97%2Fgbsabiru'...
[INFO] running `Command { std: "git" "rev-parse" "HEAD", kill_on_drop: false }`
[INFO] [stdout] 9a8d52bf16286bb6526852c4ffa3616f7d5c07b7
[INFO] checking naleba97/gbsabiru against try#72f88fc4e9458f89516a0b8b0868f3718aec5b47 for pr-74989
[INFO] running `Command { std: "git" "clone" "/workspace/cache/git-repos/https%3A%2F%2Fgithub.com%2Fnaleba97%2Fgbsabiru" "/workspace/builds/worker-6/source", kill_on_drop: false }`
[INFO] [stderr] Cloning into '/workspace/builds/worker-6/source'...
[INFO] [stderr] done.
[INFO] validating manifest of git repo https://github.com/naleba97/gbsabiru on toolchain 72f88fc4e9458f89516a0b8b0868f3718aec5b47
[INFO] running `Command { std: "/workspace/cargo-home/bin/cargo" "+72f88fc4e9458f89516a0b8b0868f3718aec5b47" "read-manifest" "--manifest-path" "Cargo.toml", kill_on_drop: false }`
[INFO] started tweaking git repo https://github.com/naleba97/gbsabiru
[INFO] finished tweaking git repo https://github.com/naleba97/gbsabiru
[INFO] tweaked toml for git repo https://github.com/naleba97/gbsabiru written to /workspace/builds/worker-6/source/Cargo.toml
[INFO] crate git repo https://github.com/naleba97/gbsabiru already has a lockfile, it will not be regenerated
[INFO] running `Command { std: "/workspace/cargo-home/bin/cargo" "+72f88fc4e9458f89516a0b8b0868f3718aec5b47" "fetch" "--locked" "--manifest-path" "Cargo.toml", kill_on_drop: false }`
[INFO] [stderr]     Blocking waiting for file lock on package cache
[INFO] running `Command { std: "docker" "create" "-v" "/var/lib/crater-agent-workspace/builds/worker-6/target:/opt/rustwide/target:rw,Z" "-v" "/var/lib/crater-agent-workspace/builds/worker-6/source:/opt/rustwide/workdir:ro,Z" "-v" "/var/lib/crater-agent-workspace/cargo-home:/opt/rustwide/cargo-home:ro,Z" "-v" "/var/lib/crater-agent-workspace/rustup-home:/opt/rustwide/rustup-home:ro,Z" "-e" "SOURCE_DIR=/opt/rustwide/workdir" "-e" "CARGO_TARGET_DIR=/opt/rustwide/target" "-e" "CARGO_HOME=/opt/rustwide/cargo-home" "-e" "RUSTUP_HOME=/opt/rustwide/rustup-home" "-w" "/opt/rustwide/workdir" "-m" "1610612736" "--user" "0:0" "--network" "none" "rustops/crates-build-env@sha256:d92eaeed33fa75130ca1ee6c8a01d1ffb62bac859dfdfb3450e3e5d1c0146529" "/opt/rustwide/cargo-home/bin/cargo" "+72f88fc4e9458f89516a0b8b0868f3718aec5b47" "metadata" "--no-deps" "--format-version=1", kill_on_drop: false }`
[INFO] [stderr] WARNING: Your kernel does not support swap limit capabilities or the cgroup is not mounted. Memory limited without swap.
[INFO] [stdout] a103d687126e8ad5f694b5e6637978499c3620161eab8fd4331004d4cb297af0
[INFO] running `Command { std: "docker" "start" "-a" "a103d687126e8ad5f694b5e6637978499c3620161eab8fd4331004d4cb297af0", kill_on_drop: false }`
[INFO] running `Command { std: "docker" "inspect" "a103d687126e8ad5f694b5e6637978499c3620161eab8fd4331004d4cb297af0", kill_on_drop: false }`
[INFO] running `Command { std: "docker" "rm" "-f" "a103d687126e8ad5f694b5e6637978499c3620161eab8fd4331004d4cb297af0", kill_on_drop: false }`
[INFO] [stdout] a103d687126e8ad5f694b5e6637978499c3620161eab8fd4331004d4cb297af0
[INFO] running `Command { std: "docker" "create" "-v" "/var/lib/crater-agent-workspace/builds/worker-6/target:/opt/rustwide/target:rw,Z" "-v" "/var/lib/crater-agent-workspace/builds/worker-6/source:/opt/rustwide/workdir:ro,Z" "-v" "/var/lib/crater-agent-workspace/cargo-home:/opt/rustwide/cargo-home:ro,Z" "-v" "/var/lib/crater-agent-workspace/rustup-home:/opt/rustwide/rustup-home:ro,Z" "-e" "SOURCE_DIR=/opt/rustwide/workdir" "-e" "CARGO_TARGET_DIR=/opt/rustwide/target" "-e" "CARGO_INCREMENTAL=0" "-e" "RUST_BACKTRACE=full" "-e" "RUSTFLAGS=--cap-lints=forbid" "-e" "CARGO_HOME=/opt/rustwide/cargo-home" "-e" "RUSTUP_HOME=/opt/rustwide/rustup-home" "-w" "/opt/rustwide/workdir" "-m" "1610612736" "--user" "0:0" "--network" "none" "rustops/crates-build-env@sha256:d92eaeed33fa75130ca1ee6c8a01d1ffb62bac859dfdfb3450e3e5d1c0146529" "/opt/rustwide/cargo-home/bin/cargo" "+72f88fc4e9458f89516a0b8b0868f3718aec5b47" "check" "--frozen" "--all" "--all-targets" "--message-format=json", kill_on_drop: false }`
[INFO] [stderr] WARNING: Your kernel does not support swap limit capabilities or the cgroup is not mounted. Memory limited without swap.
[INFO] [stdout] 9a0171439fbc01459128fc91152f600b8e3f3141323cb9deda8d02b2f7542fb6
[INFO] running `Command { std: "docker" "start" "-a" "9a0171439fbc01459128fc91152f600b8e3f3141323cb9deda8d02b2f7542fb6", kill_on_drop: false }`
[INFO] [stderr]    Compiling autocfg v1.0.0
[INFO] [stderr]    Compiling num-traits v0.2.12
[INFO] [stderr]    Compiling num-integer v0.1.43
[INFO] [stderr]    Compiling num-bigint v0.3.0
[INFO] [stderr]    Compiling num-iter v0.1.41
[INFO] [stderr]    Compiling num-rational v0.3.0
[INFO] [stderr]     Checking num-complex v0.3.0
[INFO] [stderr]     Checking num-traits v0.1.43
[INFO] [stderr]     Checking enum_primitive v0.1.1
[INFO] [stderr]     Checking num v0.3.0
[INFO] [stderr]     Checking gbsabiru v0.1.0 (/opt/rustwide/workdir)
[INFO] [stdout] warning: unused import: `crate::core::regfile::Register::*`
[INFO] [stdout]  --> src/main.rs:8:5
[INFO] [stdout]   |
[INFO] [stdout] 8 | use crate::core::regfile::Register::*;
[INFO] [stdout]   |     ^^^^^^^^^^^^^^^^^^^^^^^^^^^^^^^^^
[INFO] [stdout]   |
[INFO] [stdout]   = note: `#[warn(unused_imports)]` on by default
[INFO] [stdout] 
[INFO] [stdout] 
[INFO] [stdout] warning: unused import: `crate::core::regfile::Register::*`
[INFO] [stdout]  --> src/main.rs:8:5
[INFO] [stdout]   |
[INFO] [stdout] 8 | use crate::core::regfile::Register::*;
[INFO] [stdout]   |     ^^^^^^^^^^^^^^^^^^^^^^^^^^^^^^^^^
[INFO] [stdout]   |
[INFO] [stdout]   = note: `#[warn(unused_imports)]` on by default
[INFO] [stdout] 
[INFO] [stdout] 
[INFO] [stdout] error[E0308]: mismatched types
[INFO] [stdout]    --> src/core/cpu.rs:125:43
[INFO] [stdout]     |
[INFO] [stdout] 125 |                 self.regfile.set_flag(HL, (reg_src + offset_i8) as u16);
[INFO] [stdout]     |                                           ^^^^^^^^^^^^^^^^^^^^^^^^^^^^ expected `bool`, found `u16`
[INFO] [stdout] 
[INFO] [stdout] 
[INFO] [stdout] error[E0308]: mismatched types
[INFO] [stdout]   --> src/core/regfile.rs:79:20
[INFO] [stdout]    |
[INFO] [stdout] 79 |             AF => (self.get_8reg(A), self.get_8reg(F)),
[INFO] [stdout]    |                    ^^^^^^^^^^^^^^^^
[INFO] [stdout]    |                    |
[INFO] [stdout]    |                    expected `i32`, found `u8`
[INFO] [stdout]    |                    help: you can convert an `u8` to `i32`: `self.get_8reg(A).into()`
[INFO] [stdout] 
[INFO] [stdout] 
[INFO] [stdout] error[E0308]: mismatched types
[INFO] [stdout]   --> src/core/regfile.rs:79:38
[INFO] [stdout]    |
[INFO] [stdout] 79 |             AF => (self.get_8reg(A), self.get_8reg(F)),
[INFO] [stdout]    |                                      ^^^^^^^^^^^^^^^^
[INFO] [stdout]    |                                      |
[INFO] [stdout]    |                                      expected `i32`, found `u8`
[INFO] [stdout]    |                                      help: you can convert an `u8` to `i32`: `self.get_8reg(F).into()`
[INFO] [stdout] 
[INFO] [stdout] 
[INFO] [stdout] error[E0308]: mismatched types
[INFO] [stdout]   --> src/core/regfile.rs:80:20
[INFO] [stdout]    |
[INFO] [stdout] 80 |             BC => (self.get_8reg(B), self.get_8reg(C)),
[INFO] [stdout]    |                    ^^^^^^^^^^^^^^^^
[INFO] [stdout]    |                    |
[INFO] [stdout]    |                    expected `i32`, found `u8`
[INFO] [stdout]    |                    help: you can convert an `u8` to `i32`: `self.get_8reg(B).into()`
[INFO] [stdout] 
[INFO] [stdout] 
[INFO] [stdout] error[E0308]: mismatched types
[INFO] [stdout]   --> src/core/regfile.rs:80:38
[INFO] [stdout]    |
[INFO] [stdout] 80 |             BC => (self.get_8reg(B), self.get_8reg(C)),
[INFO] [stdout]    |                                      ^^^^^^^^^^^^^^^^
[INFO] [stdout]    |                                      |
[INFO] [stdout]    |                                      expected `i32`, found `u8`
[INFO] [stdout]    |                                      help: you can convert an `u8` to `i32`: `self.get_8reg(C).into()`
[INFO] [stdout] 
[INFO] [stdout] 
[INFO] [stdout] error[E0308]: mismatched types
[INFO] [stdout]   --> src/core/regfile.rs:81:20
[INFO] [stdout]    |
[INFO] [stdout] 81 |             DE => (self.get_8reg(D), self.get_8reg(E)),
[INFO] [stdout]    |                    ^^^^^^^^^^^^^^^^
[INFO] [stdout]    |                    |
[INFO] [stdout]    |                    expected `i32`, found `u8`
[INFO] [stdout]    |                    help: you can convert an `u8` to `i32`: `self.get_8reg(D).into()`
[INFO] [stdout] 
[INFO] [stdout] 
[INFO] [stdout] error[E0308]: mismatched types
[INFO] [stdout]   --> src/core/regfile.rs:81:38
[INFO] [stdout]    |
[INFO] [stdout] 81 |             DE => (self.get_8reg(D), self.get_8reg(E)),
[INFO] [stdout]    |                                      ^^^^^^^^^^^^^^^^
[INFO] [stdout]    |                                      |
[INFO] [stdout]    |                                      expected `i32`, found `u8`
[INFO] [stdout]    |                                      help: you can convert an `u8` to `i32`: `self.get_8reg(E).into()`
[INFO] [stdout] 
[INFO] [stdout] 
[INFO] [stdout] error[E0308]: mismatched types
[INFO] [stdout]   --> src/core/regfile.rs:82:20
[INFO] [stdout]    |
[INFO] [stdout] 82 |             HL => (self.get_8reg(H), self.get_8reg(L)),
[INFO] [stdout]    |                    ^^^^^^^^^^^^^^^^
[INFO] [stdout]    |                    |
[INFO] [stdout]    |                    expected `i32`, found `u8`
[INFO] [stdout]    |                    help: you can convert an `u8` to `i32`: `self.get_8reg(H).into()`
[INFO] [stdout] 
[INFO] [stdout] 
[INFO] [stdout] error[E0308]: mismatched types
[INFO] [stdout]   --> src/core/regfile.rs:82:38
[INFO] [stdout]    |
[INFO] [stdout] 82 |             HL => (self.get_8reg(H), self.get_8reg(L)),
[INFO] [stdout]    |                                      ^^^^^^^^^^^^^^^^
[INFO] [stdout]    |                                      |
[INFO] [stdout]    |                                      expected `i32`, found `u8`
[INFO] [stdout]    |                                      help: you can convert an `u8` to `i32`: `self.get_8reg(L).into()`
[INFO] [stdout] 
[INFO] [stdout] 
[INFO] [stdout] error[E0308]: mismatched types
[INFO] [stdout]   --> src/core/regfile.rs:83:20
[INFO] [stdout]    |
[INFO] [stdout] 83 |             SP => (self.get_8reg(SP_HIGH), self.get_8reg(SP_LOW)),
[INFO] [stdout]    |                    ^^^^^^^^^^^^^^^^^^^^^^
[INFO] [stdout]    |                    |
[INFO] [stdout]    |                    expected `i32`, found `u8`
[INFO] [stdout]    |                    help: you can convert an `u8` to `i32`: `self.get_8reg(SP_HIGH).into()`
[INFO] [stdout] 
[INFO] [stdout] 
[INFO] [stdout] error[E0308]: mismatched types
[INFO] [stdout]   --> src/core/regfile.rs:83:44
[INFO] [stdout]    |
[INFO] [stdout] 83 |             SP => (self.get_8reg(SP_HIGH), self.get_8reg(SP_LOW)),
[INFO] [stdout]    |                                            ^^^^^^^^^^^^^^^^^^^^^
[INFO] [stdout]    |                                            |
[INFO] [stdout]    |                                            expected `i32`, found `u8`
[INFO] [stdout]    |                                            help: you can convert an `u8` to `i32`: `self.get_8reg(SP_LOW).into()`
[INFO] [stdout] 
[INFO] [stdout] 
[INFO] [stdout] error[E0308]: mismatched types
[INFO] [stdout]   --> src/core/regfile.rs:84:20
[INFO] [stdout]    |
[INFO] [stdout] 84 |             PC => (self.get_8reg(PC_HIGH), self.get_8reg(PC_LOW)),
[INFO] [stdout]    |                    ^^^^^^^^^^^^^^^^^^^^^^
[INFO] [stdout]    |                    |
[INFO] [stdout]    |                    expected `i32`, found `u8`
[INFO] [stdout]    |                    help: you can convert an `u8` to `i32`: `self.get_8reg(PC_HIGH).into()`
[INFO] [stdout] 
[INFO] [stdout] 
[INFO] [stdout] error[E0308]: mismatched types
[INFO] [stdout]   --> src/core/regfile.rs:84:44
[INFO] [stdout]    |
[INFO] [stdout] 84 |             PC => (self.get_8reg(PC_HIGH), self.get_8reg(PC_LOW)),
[INFO] [stdout]    |                                            ^^^^^^^^^^^^^^^^^^^^^
[INFO] [stdout]    |                                            |
[INFO] [stdout]    |                                            expected `i32`, found `u8`
[INFO] [stdout]    |                                            help: you can convert an `u8` to `i32`: `self.get_8reg(PC_LOW).into()`
[INFO] [stdout] 
[INFO] [stdout] 
[INFO] [stdout] error: aborting due to 13 previous errors; 1 warning emitted
[INFO] [stdout] 
[INFO] [stdout] 
[INFO] [stdout] For more information about this error, try `rustc --explain E0308`.
[INFO] [stdout] 
[INFO] [stderr] error: could not compile `gbsabiru`.
[INFO] [stderr] 
[INFO] [stderr] To learn more, run the command again with --verbose.
[INFO] [stderr] warning: build failed, waiting for other jobs to finish...
[INFO] [stdout] error[E0308]: mismatched types
[INFO] [stdout]    --> src/core/cpu.rs:125:43
[INFO] [stdout]     |
[INFO] [stdout] 125 |                 self.regfile.set_flag(HL, (reg_src + offset_i8) as u16);
[INFO] [stdout]     |                                           ^^^^^^^^^^^^^^^^^^^^^^^^^^^^ expected `bool`, found `u16`
[INFO] [stdout] 
[INFO] [stdout] 
[INFO] [stdout] error[E0599]: no method named `get` found for struct `regfile::RegFile` in the current scope
[INFO] [stdout]    --> src/core/cpu.rs:216:32
[INFO] [stdout]     |
[INFO] [stdout] 216 |         assert_eq!(cpu.regfile.get(B), 0xAB);
[INFO] [stdout]     |                                ^^^ method not found in `regfile::RegFile`
[INFO] [stdout]     | 
[INFO] [stdout]    ::: src/core/regfile.rs:35:1
[INFO] [stdout]     |
[INFO] [stdout] 35  | pub struct RegFile([u8; Register::NumRegisters as usize]);
[INFO] [stdout]     | ---------------------------------------------------------- method `get` not found for this
[INFO] [stdout]     |
[INFO] [stdout]     = help: items from traits can only be used if the trait is implemented and in scope
[INFO] [stdout]     = note: the following trait defines an item `get`, perhaps you need to implement it:
[INFO] [stdout]             candidate #1: `SliceIndex`
[INFO] [stdout] 
[INFO] [stdout] 
[INFO] [stdout] error[E0599]: no method named `get` found for struct `regfile::RegFile` in the current scope
[INFO] [stdout]    --> src/core/cpu.rs:224:32
[INFO] [stdout]     |
[INFO] [stdout] 224 |         assert_eq!(cpu.regfile.get(C), 0xAB);
[INFO] [stdout]     |                                ^^^ method not found in `regfile::RegFile`
[INFO] [stdout]     | 
[INFO] [stdout]    ::: src/core/regfile.rs:35:1
[INFO] [stdout]     |
[INFO] [stdout] 35  | pub struct RegFile([u8; Register::NumRegisters as usize]);
[INFO] [stdout]     | ---------------------------------------------------------- method `get` not found for this
[INFO] [stdout]     |
[INFO] [stdout]     = help: items from traits can only be used if the trait is implemented and in scope
[INFO] [stdout]     = note: the following trait defines an item `get`, perhaps you need to implement it:
[INFO] [stdout]             candidate #1: `SliceIndex`
[INFO] [stdout] 
[INFO] [stdout] 
[INFO] [stdout] error[E0599]: no method named `get` found for struct `regfile::RegFile` in the current scope
[INFO] [stdout]    --> src/core/cpu.rs:225:32
[INFO] [stdout]     |
[INFO] [stdout] 225 |         assert_eq!(cpu.regfile.get(B), 0xAB);
[INFO] [stdout]     |                                ^^^ method not found in `regfile::RegFile`
[INFO] [stdout]     | 
[INFO] [stdout]    ::: src/core/regfile.rs:35:1
[INFO] [stdout]     |
[INFO] [stdout] 35  | pub struct RegFile([u8; Register::NumRegisters as usize]);
[INFO] [stdout]     | ---------------------------------------------------------- method `get` not found for this
[INFO] [stdout]     |
[INFO] [stdout]     = help: items from traits can only be used if the trait is implemented and in scope
[INFO] [stdout]     = note: the following trait defines an item `get`, perhaps you need to implement it:
[INFO] [stdout]             candidate #1: `SliceIndex`
[INFO] [stdout] 
[INFO] [stdout] 
[INFO] [stdout] error[E0599]: no method named `get` found for struct `regfile::RegFile` in the current scope
[INFO] [stdout]    --> src/core/cpu.rs:235:32
[INFO] [stdout]     |
[INFO] [stdout] 235 |         assert_eq!(cpu.regfile.get(B), 0xAB);
[INFO] [stdout]     |                                ^^^ method not found in `regfile::RegFile`
[INFO] [stdout]     | 
[INFO] [stdout]    ::: src/core/regfile.rs:35:1
[INFO] [stdout]     |
[INFO] [stdout] 35  | pub struct RegFile([u8; Register::NumRegisters as usize]);
[INFO] [stdout]     | ---------------------------------------------------------- method `get` not found for this
[INFO] [stdout]     |
[INFO] [stdout]     = help: items from traits can only be used if the trait is implemented and in scope
[INFO] [stdout]     = note: the following trait defines an item `get`, perhaps you need to implement it:
[INFO] [stdout]             candidate #1: `SliceIndex`
[INFO] [stdout] 
[INFO] [stdout] 
[INFO] [stdout] error[E0599]: no method named `get` found for struct `regfile::RegFile` in the current scope
[INFO] [stdout]    --> src/core/cpu.rs:238:32
[INFO] [stdout]     |
[INFO] [stdout] 238 |         assert_eq!(cpu.regfile.get(HL), 0x00AB);
[INFO] [stdout]     |                                ^^^ method not found in `regfile::RegFile`
[INFO] [stdout]     | 
[INFO] [stdout]    ::: src/core/regfile.rs:35:1
[INFO] [stdout]     |
[INFO] [stdout] 35  | pub struct RegFile([u8; Register::NumRegisters as usize]);
[INFO] [stdout]     | ---------------------------------------------------------- method `get` not found for this
[INFO] [stdout]     |
[INFO] [stdout]     = help: items from traits can only be used if the trait is implemented and in scope
[INFO] [stdout]     = note: the following trait defines an item `get`, perhaps you need to implement it:
[INFO] [stdout]             candidate #1: `SliceIndex`
[INFO] [stdout] 
[INFO] [stdout] 
[INFO] [stdout] error[E0599]: no method named `get` found for struct `regfile::RegFile` in the current scope
[INFO] [stdout]    --> src/core/cpu.rs:239:32
[INFO] [stdout]     |
[INFO] [stdout] 239 |         assert_eq!(cpu.regfile.get(L), 0xAB);
[INFO] [stdout]     |                                ^^^ method not found in `regfile::RegFile`
[INFO] [stdout]     | 
[INFO] [stdout]    ::: src/core/regfile.rs:35:1
[INFO] [stdout]     |
[INFO] [stdout] 35  | pub struct RegFile([u8; Register::NumRegisters as usize]);
[INFO] [stdout]     | ---------------------------------------------------------- method `get` not found for this
[INFO] [stdout]     |
[INFO] [stdout]     = help: items from traits can only be used if the trait is implemented and in scope
[INFO] [stdout]     = note: the following trait defines an item `get`, perhaps you need to implement it:
[INFO] [stdout]             candidate #1: `SliceIndex`
[INFO] [stdout] 
[INFO] [stdout] 
[INFO] [stdout] error[E0599]: no method named `get` found for struct `regfile::RegFile` in the current scope
[INFO] [stdout]    --> src/core/cpu.rs:240:32
[INFO] [stdout]     |
[INFO] [stdout] 240 |         assert_eq!(cpu.regfile.get(H), 0x00);
[INFO] [stdout]     |                                ^^^ method not found in `regfile::RegFile`
[INFO] [stdout]     | 
[INFO] [stdout]    ::: src/core/regfile.rs:35:1
[INFO] [stdout]     |
[INFO] [stdout] 35  | pub struct RegFile([u8; Register::NumRegisters as usize]);
[INFO] [stdout]     | ---------------------------------------------------------- method `get` not found for this
[INFO] [stdout]     |
[INFO] [stdout]     = help: items from traits can only be used if the trait is implemented and in scope
[INFO] [stdout]     = note: the following trait defines an item `get`, perhaps you need to implement it:
[INFO] [stdout]             candidate #1: `SliceIndex`
[INFO] [stdout] 
[INFO] [stdout] 
[INFO] [stdout] error[E0599]: no method named `get` found for struct `regfile::RegFile` in the current scope
[INFO] [stdout]    --> src/core/cpu.rs:249:32
[INFO] [stdout]     |
[INFO] [stdout] 249 |         assert_eq!(cpu.regfile.get(C), 0xAB);
[INFO] [stdout]     |                                ^^^ method not found in `regfile::RegFile`
[INFO] [stdout]     | 
[INFO] [stdout]    ::: src/core/regfile.rs:35:1
[INFO] [stdout]     |
[INFO] [stdout] 35  | pub struct RegFile([u8; Register::NumRegisters as usize]);
[INFO] [stdout]     | ---------------------------------------------------------- method `get` not found for this
[INFO] [stdout]     |
[INFO] [stdout]     = help: items from traits can only be used if the trait is implemented and in scope
[INFO] [stdout]     = note: the following trait defines an item `get`, perhaps you need to implement it:
[INFO] [stdout]             candidate #1: `SliceIndex`
[INFO] [stdout] 
[INFO] [stdout] 
[INFO] [stdout] error[E0308]: mismatched types
[INFO] [stdout]   --> src/core/regfile.rs:79:20
[INFO] [stdout]    |
[INFO] [stdout] 79 |             AF => (self.get_8reg(A), self.get_8reg(F)),
[INFO] [stdout]    |                    ^^^^^^^^^^^^^^^^
[INFO] [stdout]    |                    |
[INFO] [stdout]    |                    expected `i32`, found `u8`
[INFO] [stdout]    |                    help: you can convert an `u8` to `i32`: `self.get_8reg(A).into()`
[INFO] [stdout] 
[INFO] [stdout] 
[INFO] [stdout] error[E0308]: mismatched types
[INFO] [stdout]   --> src/core/regfile.rs:79:38
[INFO] [stdout]    |
[INFO] [stdout] 79 |             AF => (self.get_8reg(A), self.get_8reg(F)),
[INFO] [stdout]    |                                      ^^^^^^^^^^^^^^^^
[INFO] [stdout]    |                                      |
[INFO] [stdout]    |                                      expected `i32`, found `u8`
[INFO] [stdout]    |                                      help: you can convert an `u8` to `i32`: `self.get_8reg(F).into()`
[INFO] [stdout] 
[INFO] [stdout] 
[INFO] [stdout] error[E0308]: mismatched types
[INFO] [stdout]   --> src/core/regfile.rs:80:20
[INFO] [stdout]    |
[INFO] [stdout] 80 |             BC => (self.get_8reg(B), self.get_8reg(C)),
[INFO] [stdout]    |                    ^^^^^^^^^^^^^^^^
[INFO] [stdout]    |                    |
[INFO] [stdout]    |                    expected `i32`, found `u8`
[INFO] [stdout]    |                    help: you can convert an `u8` to `i32`: `self.get_8reg(B).into()`
[INFO] [stdout] 
[INFO] [stdout] 
[INFO] [stdout] error[E0308]: mismatched types
[INFO] [stdout]   --> src/core/regfile.rs:80:38
[INFO] [stdout]    |
[INFO] [stdout] 80 |             BC => (self.get_8reg(B), self.get_8reg(C)),
[INFO] [stdout]    |                                      ^^^^^^^^^^^^^^^^
[INFO] [stdout]    |                                      |
[INFO] [stdout]    |                                      expected `i32`, found `u8`
[INFO] [stdout]    |                                      help: you can convert an `u8` to `i32`: `self.get_8reg(C).into()`
[INFO] [stdout] 
[INFO] [stdout] 
[INFO] [stdout] error[E0308]: mismatched types
[INFO] [stdout]   --> src/core/regfile.rs:81:20
[INFO] [stdout]    |
[INFO] [stdout] 81 |             DE => (self.get_8reg(D), self.get_8reg(E)),
[INFO] [stdout]    |                    ^^^^^^^^^^^^^^^^
[INFO] [stdout]    |                    |
[INFO] [stdout]    |                    expected `i32`, found `u8`
[INFO] [stdout]    |                    help: you can convert an `u8` to `i32`: `self.get_8reg(D).into()`
[INFO] [stdout] 
[INFO] [stdout] 
[INFO] [stdout] error[E0308]: mismatched types
[INFO] [stdout]   --> src/core/regfile.rs:81:38
[INFO] [stdout]    |
[INFO] [stdout] 81 |             DE => (self.get_8reg(D), self.get_8reg(E)),
[INFO] [stdout]    |                                      ^^^^^^^^^^^^^^^^
[INFO] [stdout]    |                                      |
[INFO] [stdout]    |                                      expected `i32`, found `u8`
[INFO] [stdout]    |                                      help: you can convert an `u8` to `i32`: `self.get_8reg(E).into()`
[INFO] [stdout] 
[INFO] [stdout] 
[INFO] [stdout] error[E0308]: mismatched types
[INFO] [stdout]   --> src/core/regfile.rs:82:20
[INFO] [stdout]    |
[INFO] [stdout] 82 |             HL => (self.get_8reg(H), self.get_8reg(L)),
[INFO] [stdout]    |                    ^^^^^^^^^^^^^^^^
[INFO] [stdout]    |                    |
[INFO] [stdout]    |                    expected `i32`, found `u8`
[INFO] [stdout]    |                    help: you can convert an `u8` to `i32`: `self.get_8reg(H).into()`
[INFO] [stdout] 
[INFO] [stdout] 
[INFO] [stdout] error[E0308]: mismatched types
[INFO] [stdout]   --> src/core/regfile.rs:82:38
[INFO] [stdout]    |
[INFO] [stdout] 82 |             HL => (self.get_8reg(H), self.get_8reg(L)),
[INFO] [stdout]    |                                      ^^^^^^^^^^^^^^^^
[INFO] [stdout]    |                                      |
[INFO] [stdout]    |                                      expected `i32`, found `u8`
[INFO] [stdout]    |                                      help: you can convert an `u8` to `i32`: `self.get_8reg(L).into()`
[INFO] [stdout] 
[INFO] [stdout] 
[INFO] [stdout] error[E0308]: mismatched types
[INFO] [stdout]   --> src/core/regfile.rs:83:20
[INFO] [stdout]    |
[INFO] [stdout] 83 |             SP => (self.get_8reg(SP_HIGH), self.get_8reg(SP_LOW)),
[INFO] [stdout]    |                    ^^^^^^^^^^^^^^^^^^^^^^
[INFO] [stdout]    |                    |
[INFO] [stdout]    |                    expected `i32`, found `u8`
[INFO] [stdout]    |                    help: you can convert an `u8` to `i32`: `self.get_8reg(SP_HIGH).into()`
[INFO] [stdout] 
[INFO] [stdout] 
[INFO] [stdout] error[E0308]: mismatched types
[INFO] [stdout]   --> src/core/regfile.rs:83:44
[INFO] [stdout]    |
[INFO] [stdout] 83 |             SP => (self.get_8reg(SP_HIGH), self.get_8reg(SP_LOW)),
[INFO] [stdout]    |                                            ^^^^^^^^^^^^^^^^^^^^^
[INFO] [stdout]    |                                            |
[INFO] [stdout]    |                                            expected `i32`, found `u8`
[INFO] [stdout]    |                                            help: you can convert an `u8` to `i32`: `self.get_8reg(SP_LOW).into()`
[INFO] [stdout] 
[INFO] [stdout] 
[INFO] [stdout] error[E0308]: mismatched types
[INFO] [stdout]   --> src/core/regfile.rs:84:20
[INFO] [stdout]    |
[INFO] [stdout] 84 |             PC => (self.get_8reg(PC_HIGH), self.get_8reg(PC_LOW)),
[INFO] [stdout]    |                    ^^^^^^^^^^^^^^^^^^^^^^
[INFO] [stdout]    |                    |
[INFO] [stdout]    |                    expected `i32`, found `u8`
[INFO] [stdout]    |                    help: you can convert an `u8` to `i32`: `self.get_8reg(PC_HIGH).into()`
[INFO] [stdout] 
[INFO] [stdout] 
[INFO] [stdout] error[E0308]: mismatched types
[INFO] [stdout]   --> src/core/regfile.rs:84:44
[INFO] [stdout]    |
[INFO] [stdout] 84 |             PC => (self.get_8reg(PC_HIGH), self.get_8reg(PC_LOW)),
[INFO] [stdout]    |                                            ^^^^^^^^^^^^^^^^^^^^^
[INFO] [stdout]    |                                            |
[INFO] [stdout]    |                                            expected `i32`, found `u8`
[INFO] [stdout]    |                                            help: you can convert an `u8` to `i32`: `self.get_8reg(PC_LOW).into()`
[INFO] [stdout] 
[INFO] [stdout] 
[INFO] [stdout] error: aborting due to 21 previous errors; 1 warning emitted
[INFO] [stdout] 
[INFO] [stdout] 
[INFO] [stdout] Some errors have detailed explanations: E0308, E0599.
[INFO] [stdout] 
[INFO] [stdout] For more information about an error, try `rustc --explain E0308`.
[INFO] [stdout] 
[INFO] [stderr] error: build failed
[INFO] running `Command { std: "docker" "inspect" "9a0171439fbc01459128fc91152f600b8e3f3141323cb9deda8d02b2f7542fb6", kill_on_drop: false }`
[INFO] running `Command { std: "docker" "rm" "-f" "9a0171439fbc01459128fc91152f600b8e3f3141323cb9deda8d02b2f7542fb6", kill_on_drop: false }`
[INFO] [stdout] 9a0171439fbc01459128fc91152f600b8e3f3141323cb9deda8d02b2f7542fb6
